at is the ten millions digit of 55468077?
5
What is the hundreds digit of 48336907?
9
What is the units digit of 46366194?
4
What is the units digit of 719274034?
4
What is the millions digit of 26381428?
6
What is the ten millions digit of 497691466?
9
What is the units digit of 157314357?
7
What is the millions digit of 404099935?
4
What is the thousands digit of 2688260856?
0
What is the ten millions digit of 20814399?
2
What is the hundreds digit of 40751158?
1
What is the hundred thousands digit of 2221675344?
6
What is the hundred thousands digit of 708906870?
9
What is the hundred thousands digit of 31011720?
0
What is the ten thousands digit of 15584888?
8
What is the hundreds digit of 3558622511?
5
What is the hundreds digit of 21653991?
9
What is the millions digit of 847269639?
7
What is the ten millions digit of 45849709?
4
What is the hundred millions digit of 297801295?
2
What is the thousands digit of 38008631?
8
What is the hundred thousands digit of 4667669406?
6
What is the hundred thousands digit of 6795902748?
9
What is the millions digit of 783147582?
3
What is the millions digit of 585957386?
5
What is the ten millions digit of 2503221809?
0
What is the tens digit of 34157096?
9
What is the ten millions digit of 2496404185?
9
What is the hundred millions digit of 588056298?
5
What is the hundreds digit of 6743749171?
1
What is the hundreds digit of 39987173?
1
What is the thousands digit of 734338236?
8
What is the thousands digit of 56861314?
1
What is the ten thousands digit of 783734861?
3
What is the millions digit of 1935166374?
5
What is the ten millions digit of 560112009?
6
What is the millions digit of 88217230?
8
What is the millions digit of 831572394?
1
What is the tens digit of 4229458587?
8
What is the thousands digit of 9079617216?
7
What is the billions digit of 4015388148?
4
What is the ten thousands digit of 13230832?
3
What is the hundred thousands digit of 4858038?
8
What is the tens digit of 106807035?
3
What is the hundreds digit of 154711730?
7
What is the hundred millions digit of 176942394?
1
What is the tens digit of 7360766?
6
What is the hundred thousands digit of 14765366?
7
What is the hundreds digit of 261406202?
2
What is the hundreds digit of 206678160?
1
What is the millions digit of 271077745?
1
What is the units digit of 56180947?
7
What is the ten millions digit of 867634333?
6
What is the hundred thousands digit of 6345157945?
1
What is the tens digit of 769944973?
7
What is the ten millions digit of 974288306?
7
What is the hundred thousands digit of 182934796?
9
What is the hundred millions digit of 425916226?
4
What is the ten millions digit of 58787006?
5
What is the hundreds digit of 78159912?
9
What is the hundred thousands digit of 3216925?
2
What is the millions digit of 142111640?
2
What is the hundreds digit of 293624823?
8
What is the tens digit of 101986762?
6
What is the hundreds digit of 301463326?
3
What is the billions digit of 4429364283?
4
What is the tens digit of 292565154?
5
What is the ten thousands digit of 83398770?
9
What is the ten thousands digit of 62792276?
9
What is the hundred millions digit of 8167582693?
1
What is the tens digit of 756393370?
7
What is the hundred thousands digit of 32663581?
6
What is the millions digit of 208128989?
8
What is the hundred millions digit of 3544777315?
5
What is the ten millions digit of 202898194?
0
What is the thousands digit of 284500717?
0
What is the ten millions digit of 188715182?
8
What is the ten thousands digit of 214966943?
6
What is the billions digit of 9762606585?
9
What is the hundreds digit of 146032671?
6
What is the billions digit of 1901365585?
1
What is the hundred millions digit of 1693470391?
6
What is the ten thousands digit of 485634962?
3
What is the tens digit of 28589015?
1
What is the ten thousands digit of 349622326?
2
What is the hundred thousands digit of 3539182304?
1
What is the thousands digit of 128486573?
6
What is the ten thousands digit of 200418340?
1
What is the units digit of 5518555252?
2
What is the tens digit of 115634147?
4
What is the hundred thousands digit of 3077428?
0
What is the millions digit of 3599531055?
9
What is the thousands digit of 42105954?
5
What is the tens digit of 461427095?
9
What is the ten thousands digit of 171234353?
3
What is the hundred thousands digit of 45744040?
7
What is the ten millions digit of 1886808170?
8
What is the hundred thousands digit of 96843143?
8
What is the units digit of 446415522?
2
What is the ten millions digit of 96038923?
9
What is the hundred thousands digit of 49016942?
0
What is the ten thousands digit of 3463161?
6
What is the ten millions digit of 36110940?
3
What is the thousands digit of 349423210?
3
What is the hundred thousands digit of 546519335?
5
What is the ten thousands digit of 192031197?
3
What is the ten millions digit of 454620174?
5
What is the units digit of 34153693?
3
What is the ten thousands digit of 63875571?
7
What is the hundred thousands digit of 41851939?
8
What is the ten millions digit of 192496487?
9
What is the ten thousands digit of 288697842?
9
What is the hundreds digit of 85356801?
8
What is the tens digit of 267380501?
0
What is the ten millions digit of 567362694?
6
What is the thousands digit of 741715092?
5
What is the billions digit of 6328062265?
6
What is the tens digit of 277907305?
0
What is the hundred thousands digit of 1732987496?
9
What is the hundred thousands digit of 1808351185?
3
What is the ten millions digit of 44605633?
4
What is the thousands digit of 78837314?
7
What is the hundred millions digit of 941328188?
9
What is the millions digit of 92678343?
2
What is the units digit of 40830665?
5
What is the ten thousands digit of 371744249?
4
What is the hundred thousands digit of 718443318?
4
What is the hundreds digit of 14053145?
1
What is the ten thousands digit of 837969432?
6
What is the ten thousands digit of 19165950?
6
What is the tens digit of 62450608?
0
What is the units digit of 300018804?
4
What is the hundreds digit of 2276352931?
9
What is the hundreds digit of 121922418?
4
What is the ten millions digit of 917755754?
1
What is the ten thousands digit of 1500852745?
5
What is the units digit of 372535366?
6
What is the tens digit of 704943145?
4
What is the ten millions digit of 264928662?
6
What is the hundreds digit of 1519288603?
6
What is the hundred thousands digit of 796016375?
0
What is the hundred millions digit of 1679403134?
6
What is the units digit of 64228723?
3
What is the millions digit of 16280566?
6
What is the ten thousands digit of 175986685?
8
What is the units digit of 2366060?
0
What is the ten millions digit of 57475697?
5
What is the units digit of 200807171?
1
What is the tens digit of 136625382?
8
What is the ten thousands digit of 76039700?
3
What is the hundred millions digit of 1080322026?
0
What is the thousands digit of 4904798879?
8
What is the thousands digit of 15602309?
2
What is the thousands digit of 9028837671?
7
What is the ten thousands digit of 56154141?
5
What is the billions digit of 4776515945?
4
What is the tens digit of 16703160?
6
What is the hundred thousands digit of 84944199?
9
What is the hundred thousands digit of 81210954?
2
What is the thousands digit of 212175000?
5
What is the ten thousands digit of 8528254?
2
What is the thousands digit of 136494646?
4
What is the thousands digit of 4990366996?
6
What is the tens digit of 18761365?
6
What is the ten millions digit of 3700497383?
0
What is the hundred millions digit of 243870798?
2
What is the thousands digit of 2305278371?
8
What is the ten thousands digit of 55605183?
0
What is the millions digit of 16328468?
6
What is the ten millions digit of 61164575?
6
What is the millions digit of 232799232?
2
What is the units digit of 5947805961?
1
What is the tens digit of 719713529?
2
What is the hundreds digit of 95911753?
7
What is the thousands digit of 6579632603?
2
What is the millions digit of 237145409?
7
What is the tens digit of 873369722?
2
What is the hundred thousands digit of 54705037?
7
What is the millions digit of 158191659?
8
What is the tens digit of 24233293?
9
What is the millions digit of 468924415?
8
What is the thousands digit 